{"id":2,"date":"2016-05-10T03:48:21","date_gmt":"2016-05-10T03:48:21","guid":{"rendered":"http:\/\/falconxray.com\/?page_id=2"},"modified":"2025-10-30T13:15:52","modified_gmt":"2025-10-30T13:15:52","slug":"sample-page","status":"publish","type":"page","link":"https:\/\/falconxray.com\/","title":{"rendered":"ANASAYFA"},"content":{"rendered":"\n<div class=\"wp-block-columns is-layout-flex wp-container-core-columns-is-layout-9d6595d7 wp-block-columns-is-layout-flex\">\n<div class=\"wp-block-column is-layout-flow wp-block-column-is-layout-flow\">\n<!-- YUKARIDAN A\u015eA\u011eI SONS\u00dcZ KAYAN G\u00d6RSELLER -->\n<div class=\"fe-marquee-vertical\" aria-label=\"Dikey ak\u0131\u015ftaki \u00fcr\u00fcn g\u00f6rselleri\">\n  <style>\n    .fe-marquee-vertical {\n      --width: 250px;\n      --gap: 24px;\n      --speed: 45s;\n      overflow: hidden;\n      position: relative;\n      height: 400px; \/* y\u00fckseklik ayarlanabilir *\/\n      width: var(--width);\n      margin: 0 auto;\n      background: transparent;\n      padding: 10px 0;\n    }\n    .fe-track-vertical {\n      display: flex;\n      flex-direction: column;\n      align-items: center;\n      gap: var(--gap);\n      animation: fe-scroll-vertical var(--speed) linear infinite;\n      will-change: transform;\n    }\n    .fe-marquee-vertical:hover .fe-track-vertical {\n      animation-play-state: paused;\n    }\n    .fe-item-vertical {\n      width: 100%;\n      height: 150px;\n      background: #f2f4f8;\n      border-radius: 12px;\n      box-shadow: 0 2px 8px rgba(0,0,0,.06);\n      overflow: hidden;\n      transition: transform 0.3s ease, box-shadow 0.3s ease;\n    }\n    .fe-item-vertical:hover {\n      transform: scale(1.08);\n      box-shadow: 0 6px 20px rgba(0,0,0,0.2);\n      z-index: 2;\n    }\n    .fe-item-vertical img {\n      width: 100%;\n      height: 100%;\n      object-fit: cover;\n      display: block;\n    }\n    @keyframes fe-scroll-vertical {\n      from { transform: translateY(0); }\n      to   { transform: translateY(-50%); }\n    }\n    @media (max-width: 640px) {\n      .fe-marquee-vertical {\n        --width: 200px;\n        --gap: 18px;\n        --speed: 35s;\n        height: 300px;\n      }\n    }\n  <\/style>\n\n  <div class=\"fe-track-vertical\">\n    <a class=\"fe-item-vertical\" href=\"#\">\n      <img decoding=\"async\" src=\"https:\/\/falconxray.com\/wp-content\/uploads\/2025\/10\/Araba1.jpg\" alt=\"Araba 1\">\n    <\/a>\n    <a class=\"fe-item-vertical\" href=\"#\">\n      <img decoding=\"async\" src=\"https:\/\/falconxray.com\/wp-content\/uploads\/2025\/10\/Araba2.jpg\" alt=\"Araba 2\">\n    <\/a>\n    <a class=\"fe-item-vertical\" href=\"#\">\n      <img decoding=\"async\" src=\"https:\/\/falconxray.com\/wp-content\/uploads\/2025\/10\/Untitled7.jpg\" alt=\"G\u00f6rsel 7\">\n    <\/a>\n    <a class=\"fe-item-vertical\" href=\"#\">\n      <img decoding=\"async\" src=\"https:\/\/falconxray.com\/wp-content\/uploads\/2025\/10\/Untitled6.jpg\" alt=\"G\u00f6rsel 6\">\n    <\/a>\n    <a class=\"fe-item-vertical\" href=\"#\">\n      <img decoding=\"async\" src=\"https:\/\/falconxray.com\/wp-content\/uploads\/2025\/10\/Untitled4.jpg\" alt=\"G\u00f6rsel 4\">\n    <\/a>\n\n    <!-- Tekrar set (kesintisiz kayma i\u00e7in) -->\n    <a class=\"fe-item-vertical\" href=\"#\">\n      <img decoding=\"async\" src=\"https:\/\/falconxray.com\/wp-content\/uploads\/2025\/10\/Araba1.jpg\" alt=\"Araba 1\">\n    <\/a>\n    <a class=\"fe-item-vertical\" href=\"#\">\n      <img decoding=\"async\" src=\"https:\/\/falconxray.com\/wp-content\/uploads\/2025\/10\/Araba2.jpg\" alt=\"Araba 2\">\n    <\/a>\n    <a class=\"fe-item-vertical\" href=\"#\">\n      <img decoding=\"async\" src=\"https:\/\/falconxray.com\/wp-content\/uploads\/2025\/10\/Untitled7.jpg\" alt=\"G\u00f6rsel 7\">\n    <\/a>\n    <a class=\"fe-item-vertical\" href=\"#\">\n      <img decoding=\"async\" src=\"https:\/\/falconxray.com\/wp-content\/uploads\/2025\/10\/Untitled6.jpg\" alt=\"G\u00f6rsel 6\">\n    <\/a>\n    <a class=\"fe-item-vertical\" href=\"#\">\n      <img decoding=\"async\" src=\"https:\/\/falconxray.com\/wp-content\/uploads\/2025\/10\/Untitled4.jpg\" alt=\"G\u00f6rsel 4\">\n    <\/a>\n  <\/div>\n<\/div>\n<\/div>\n\n\n\n<div class=\"wp-block-column is-vertically-aligned-center is-layout-flow wp-block-column-is-layout-flow\">\n<figure class=\"wp-block-video alignleft\"><video autoplay controls loop muted src=\"https:\/\/falconxray.com\/wp-content\/uploads\/2024\/02\/FalcEye_desgin1.mp4\"><\/video><\/figure>\n<\/div>\n<\/div>\n\n\n\n<div style=\"height:72px\" aria-hidden=\"true\" class=\"wp-block-spacer\"><\/div>\n\n\n\n<div class=\"wp-block-buttons has-custom-font-size has-medium-font-size is-horizontal is-content-justification-center is-layout-flex wp-container-core-buttons-is-layout-18e77fc0 wp-block-buttons-is-layout-flex\">\n<div class=\"wp-block-button has-custom-width wp-block-button__width-25 is-style-outline is-style-outline--1\"><a class=\"wp-block-button__link has-vivid-cyan-blue-color has-text-color has-link-color has-small-font-size has-custom-font-size wp-element-button\" href=\"https:\/\/falconxray.com\/?page_id=4\"><strong><em>\u00dcR\u00dcN\u00dc \u0130NCELE<\/em><\/strong><\/a><\/div>\n\n\n\n<div class=\"wp-block-button has-custom-width wp-block-button__width-25 is-style-outline is-style-outline--2\"><a class=\"wp-block-button__link has-vivid-cyan-blue-color has-text-color has-link-color has-small-font-size has-custom-font-size wp-element-button\" href=\"https:\/\/falconxray.com\/?page_id=73\"><strong><em>S\u0130PAR\u0130\u015e VER<\/em><\/strong><\/a><\/div>\n<\/div>\n\n\n\n<div style=\"height:72px\" aria-hidden=\"true\" class=\"wp-block-spacer\"><\/div>\n\n\n\n<div class=\"wp-block-cover is-light\" style=\"min-height:498px;aspect-ratio:unset;\"><video class=\"wp-block-cover__video-background intrinsic-ignore\" autoplay muted loop playsinline src=\"https:\/\/falconxray.com\/wp-content\/uploads\/2023\/11\/fe-logo-intro-1.mp4\" style=\"object-position:49% 54%\" data-object-fit=\"cover\" data-object-position=\"49% 54%\"><\/video><span aria-hidden=\"true\" class=\"wp-block-cover__background has-black-background-color has-background-dim-40 has-background-dim\"><\/span><div class=\"wp-block-cover__inner-container is-layout-flow wp-block-cover-is-layout-flow\">\n<h2 class=\"wp-block-heading alignwide has-text-color\" style=\"color:#ffe074;font-size:28px\">Yerli \u00dcretim Mobil X-Ray \u00dcnitesi<\/h2>\n\n\n\n<div class=\"wp-block-columns alignwide is-layout-flex wp-container-core-columns-is-layout-9d6595d7 wp-block-columns-is-layout-flex\">\n<div class=\"wp-block-column is-vertically-aligned-bottom is-layout-flow wp-block-column-is-layout-flow\" style=\"flex-basis:55%\">\n<div style=\"height:100px\" aria-hidden=\"true\" class=\"wp-block-spacer\"><\/div>\n\n\n\n<div style=\"height:100px\" aria-hidden=\"true\" class=\"wp-block-spacer\"><\/div>\n\n\n\n<p class=\"has-text-color has-medium-font-size\" style=\"color:#ffe074\">Ta\u015f\u0131nabilir. G\u00fc\u00e7l\u00fc. G\u00fcvenilir.<\/p>\n\n\n\n<p class=\"has-text-color\" style=\"color:#ffe074;font-size:12px;line-height:1.3\">FalconEye, modern tasar\u0131m\u0131 ve hafif yap\u0131s\u0131yla ta\u015f\u0131nabilir X-ray sistemleri aras\u0131nda \u00f6ne \u00e7\u0131kan, tamamen <strong>yerli \u00fcretim<\/strong> bir \u00e7\u00f6z\u00fcmd\u00fcr.<\/p>\n<\/div>\n\n\n\n<div class=\"wp-block-column is-layout-flow wp-block-column-is-layout-flow\"><\/div>\n<\/div>\n<\/div><\/div>\n","protected":false},"excerpt":{"rendered":"<div class=\"mh-excerpt\"><\/div>","protected":false},"author":1,"featured_media":9,"parent":0,"menu_order":0,"comment_status":"closed","ping_status":"closed","template":"","meta":{"footnotes":""},"class_list":["post-2","page","type-page","status-publish","has-post-thumbnail","hentry"],"_links":{"self":[{"href":"https:\/\/falconxray.com\/index.php?rest_route=\/wp\/v2\/pages\/2","targetHints":{"allow":["GET"]}}],"collection":[{"href":"https:\/\/falconxray.com\/index.php?rest_route=\/wp\/v2\/pages"}],"about":[{"href":"https:\/\/falconxray.com\/index.php?rest_route=\/wp\/v2\/types\/page"}],"author":[{"embeddable":true,"href":"https:\/\/falconxray.com\/index.php?rest_route=\/wp\/v2\/users\/1"}],"replies":[{"embeddable":true,"href":"https:\/\/falconxray.com\/index.php?rest_route=%2Fwp%2Fv2%2Fcomments&post=2"}],"version-history":[{"count":24,"href":"https:\/\/falconxray.com\/index.php?rest_route=\/wp\/v2\/pages\/2\/revisions"}],"predecessor-version":[{"id":159,"href":"https:\/\/falconxray.com\/index.php?rest_route=\/wp\/v2\/pages\/2\/revisions\/159"}],"wp:featuredmedia":[{"embeddable":true,"href":"https:\/\/falconxray.com\/index.php?rest_route=\/wp\/v2\/media\/9"}],"wp:attachment":[{"href":"https:\/\/falconxray.com\/index.php?rest_route=%2Fwp%2Fv2%2Fmedia&parent=2"}],"curies":[{"name":"wp","href":"https:\/\/api.w.org\/{rel}","templated":true}]}}